test common factor of 52 and 10444088?
4
Calculate the highest common divisor of 2635 and 452455.
85
What is the highest common factor of 20736 and 486432?
864
Calculate the greatest common divisor of 35174422 and 652.
326
What is the greatest common factor of 27118 and 270634?
182
Calculate the greatest common divisor of 11529 and 10066.
7
What is the highest common factor of 2284 and 133998283?
571
Calculate the highest common factor of 117106 and 48796.
22
Calculate the highest common divisor of 396 and 137167052.
44
Calculate the greatest common factor of 3102 and 21368644.
1034
What is the highest common divisor of 1100784 and 23712?
912
What is the greatest common factor of 204 and 2250372?
12
What is the greatest common factor of 40 and 212155?
5
Calculate the highest common divisor of 3325 and 3164000.
175
What is the greatest common factor of 1672324 and 4182?
34
Calculate the greatest common divisor of 1098922608 and 2016.
1008
Calculate the highest common divisor of 84 and 7508256.
84
What is the greatest common factor of 36207 and 589891?
149
What is the greatest common factor of 72 and 2948828?
4
What is the greatest common factor of 10928929 and 1?
1
What is the greatest common factor of 3260943 and 9741?
573
What is the greatest common factor of 92138 and 152582?
46
Calculate the highest common divisor of 125375 and 2397000.
2125
What is the highest common factor of 22678 and 35419034?
1334
Calculate the highest common factor of 21320 and 126360.
520
Calculate the highest common factor of 6534596 and 5.
1
Calculate the greatest common divisor of 7263 and 4057327.
269
What is the greatest common divisor of 228 and 3145848?
12
Calculate the highest common factor of 22304 and 1073872.
656
Calculate the greatest common divisor of 12 and 7916676.
12
Calculate the highest common factor of 360844224 and 390.
78
Calculate the greatest common divisor of 42408 and 11801736.
1368
What is the greatest common factor of 29565 and 922209?
219
What is the highest common divisor of 37543061 and 23?
23
What is the greatest common factor of 2242 and 5441752?
38
What is the greatest common divisor of 1260127925 and 25?
25
Calculate the greatest common divisor of 880 and 3751000.
440
Calculate the greatest common divisor of 18700525 and 45.
5
Calculate the greatest common factor of 2047837 and 121.
11
What is the highest common divisor of 2768 and 218224?
16
Calculate the greatest common divisor of 2 and 17044628.
2
Calculate the greatest common factor of 24810 and 103890.
30
Calculate the highest common divisor of 5096 and 9086.
14
What is the highest common divisor of 297169465 and 17090?
8545
Calculate the greatest common divisor of 3 and 44883273.
3
What is the highest common divisor of 8634 and 223270923?
4317
Calculate the greatest common factor of 83106 and 59537754.
3078
Calculate the greatest common divisor of 1222 and 41535780.
1222
Calculate the greatest common divisor of 26708 and 49911182.
1214
Calculate the highest common factor of 22030 and 85940.
10
What is the greatest common divisor of 3189433 and 598?
299
Calculate the greatest common factor of 9740019 and 7.
1
Calculate the greatest common divisor of 525 and 137434675.
175
What is the greatest common factor of 6104612 and 32450?
118
Calculate the highest common divisor of 23791628 and 56.
28
Calculate the greatest common divisor of 105308100 and 45.
45
Calculate the greatest common divisor of 111079 and 4174801.
983
Calculate the greatest common factor of 4429 and 11812315.
43
Calculate the greatest common divisor of 6396 and 297947.
533
Calculate the highest common factor of 9861 and 1501.
19
Calculate the greatest common divisor of 28771456 and 448.
448
What is the greatest common divisor of 490 and 6726328?
98
What is the greatest common divisor of 35086472 and 12077?
929
Calculate the greatest common divisor of 431683 and 2324.
581
Calculate the highest common divisor of 255 and 39188235.
15
Calculate the greatest common factor of 2544 and 22215639.
159
Calculate the greatest common divisor of 16 and 3813136.
16
What is the highest common factor of 425 and 11415772?
17
Calculate the highest common factor of 189 and 449211.
21
What is the greatest common divisor of 234549 and 4166190?
1071
What is the highest common divisor of 2 and 1650649?
1
What is the highest common factor of 13621265 and 735?
245
Calculate the greatest common factor of 3858236 and 300.
4
Calculate the greatest common factor of 96 and 5170632.
24
What is the highest common divisor of 30562420 and 2388?
796
What is the highest common factor of 7707689 and 14058?
781
What is the greatest common divisor of 848255548 and 89033?
12719
Calculate the greatest common factor of 1830515 and 70.
5
What is the highest common divisor of 78 and 68250858?
78
Calculate the highest common divisor of 21049 and 616532.
679
Calculate the highest common divisor of 211194 and 39055246.
7822
What is the greatest common factor of 100 and 2705780?
20
Calculate the highest common divisor of 7812 and 53327502.
558
Calculate the greatest common factor of 236 and 1512525652.
236
What is the greatest common divisor of 89 and 144973613?
89
Calculate the greatest common factor of 7265011 and 39.
13
What is the greatest common factor of 1040 and 1121130?
10
What is the greatest common factor of 15450 and 1524675?
75
Calculate the highest common divisor of 10836709 and 169.
13
What is the greatest common factor of 1956 and 5090940?
12
Calculate the highest common factor of 2332 and 35580172.
212
Calculate the greatest common factor of 16 and 627324.
4
What is the highest common divisor of 3153192 and 504?
168
Calculate the highest common factor of 96 and 1649796.
12
Calculate the highest common divisor of 20293 and 5057640.
1561
Calculate the highest common factor of 2369 and 11339.
23
What is the highest common divisor of 32685 and 1897185?
15
What is the highest common divisor of 74652432 and 16?
16
Calculate the highest common divisor of 2844 and 286803.
9
Calculate the greatest common divisor of 188292 and 9248.
68
Calculate the highest common divisor of 77918025 and 6680.
835
What is the highest common factor of 1080866650 and 200?
50
Calculate the greatest common factor of 2397580 and 9827780.
7660
Calculate the greatest common divisor of 110188 and 2236.
52
Calculate the greatest common divisor of 414955261 and 2289.
763
What is the highest common divisor of 114204 and 12230880?
3684
Calculate the highest common factor of 85 and 16380180.
85
Calculate the highest common divisor of 27728901 and 72181.
3799
What is the greatest common divisor of 3562 and 2817620?
26
What is the highest common divisor of 204260543 and 235?
47
What is the highest common divisor of 61174354 and 967?
967
Calculate the greatest common divisor of 90816 and 25607274.
2838
Calculate the greatest common divisor of 4224 and 752268.
132
What is the highest common factor of 103490 and 4025840?
790
Calculate the highest common divisor of 14350288 and 563568.
3184
Calculate the greatest common divisor of 52948037 and 142.
71
What is the greatest common divisor of 44874 and 125481?
831
Calculate the greatest common divisor of 38 and 43300126.
38
Calculate the greatest common factor of 3828 and 7920044.
44
What is the highest common divisor of 6733688 and 104?
104
What is the greatest common divisor of 808 and 100756792?
808
What is the highest common divisor of 607560 and 68890?
830
What is the greatest common factor of 116886 and 103431?
69
Calculate the highest common divisor of 29 and 7037.
1
What is the highest common divisor of 19160981 and 1107?
41
Calculate the greatest common divisor of 13345388 and 113610.
7574
Calculate the greatest common divisor of 3199 and 15771.
7
What is the greatest common divisor of 42778 and 78548?
146
What is the highest common factor of 27637 and 291618?
953
What is the highest common divisor of 2726489 and 46?
23
Calculate the greatest common divisor of 712 and 9845180.
356
Calculate the greatest common factor of 2800 and 11675300.
700
What is the highest common divisor of 94 and 28453941?
47
What is the greatest common factor of 704 and 1604812?
44
Calculate the highest common factor of 309 and 641267082.
309
What is the h